
13, 89, 983
What are the prime factors of 162144?
2, 3, 563
List the prime factors of 7151335.
5, 61, 23447
What are the prime factors of 5109366?
2, 3, 19, 44819
List the prime factors of 2341037.
73, 32069
List the prime factors of 2339103.
3, 13, 37, 1621
What are the prime factors of 4447850?
2, 5, 11, 8087
What are the prime factors of 340376?
2, 157, 271
What are the prime factors of 327819?
3, 23, 4751
What are the prime factors of 7933909?
7933909
List the prime factors of 2221692.
2, 3, 11, 16831
What are the prime factors of 2171291?
17, 337, 379
List the prime factors of 75335.
5, 13, 19, 61
What are the prime factors of 628320?
2, 3, 5, 7, 11, 17
List the prime factors of 229736.
2, 13, 47
List the prime factors of 2315183.
13, 178091
List the prime factors of 2579796.
2, 3, 23887
What are the prime factors of 382129?
11, 34739
What are the prime factors of 2814536?
2, 59, 67, 89
List the prime factors of 11276605.
5, 2255321
What are the prime factors of 445552?
2, 27847
What are the prime factors of 322205?
5, 13, 4957
What are the prime factors of 5456679?
3, 89, 107, 191
What are the prime factors of 15844038?
2, 3, 7, 31, 43, 283
List the prime factors of 838750.
2, 5, 11, 61
List the prime factors of 437112.
2, 3, 13, 467
What are the prime factors of 169009?
169009
List the prime factors of 608216.
2, 7, 10861
What are the prime factors of 4613636?
2, 149, 7741
List the prime factors of 272002.
2, 307, 443
List the prime factors of 2953801.
17, 239, 727
List the prime factors of 106459.
29, 3671
What are the prime factors of 329850?
2, 3, 5, 733
List the prime factors of 4982341.
7, 13, 54751
List the prime factors of 1313859.
3, 437953
What are the prime factors of 5284889?
241, 21929
What are the prime factors of 6442404?
2, 3, 536867
What are the prime factors of 7181666?
2, 3590833
List the prime factors of 5340297.
3, 1780099
List the prime factors of 65381.
65381
What are the prime factors of 730661?
41, 71, 251
List the prime factors of 2499624.
2, 3, 149, 233
List the prime factors of 609978.
2, 3, 101663
List the prime factors of 347304.
2, 3, 29, 499
What are the prime factors of 6189670?
2, 5, 61, 73, 139
List the prime factors of 647157.
3, 7, 30817
List the prime factors of 32501856.
2, 3, 19, 103, 173
List the prime factors of 2713527.
3, 100501
What are the prime factors of 93290?
2, 5, 19, 491
List the prime factors of 1901923.
1901923
What are the prime factors of 1749206?
2, 31, 89, 317
What are the prime factors of 6674791?
6674791
What are the prime factors of 430318?
2, 7, 4391
What are the prime factors of 245809?
409, 601
What are the prime factors of 11927804?
2, 7, 313, 1361
What are the prime factors of 895861?
895861
What are the prime factors of 214344?
2, 3, 13, 229
List the prime factors of 160347.
3, 11, 43, 113
What are the prime factors of 239374?
2, 119687
List the prime factors of 2564777.
97, 137, 193
What are the prime factors of 2938903?
11, 53, 71
What are the prime factors of 6602905?
5, 541, 2441
List the prime factors of 3083101.
7, 440443
List the prime factors of 21652.
2, 5413
What are the prime factors of 1179408?
2, 3, 24571
What are the prime factors of 21378?
2, 3, 7, 509
What are the prime factors of 712973?
712973
List the prime factors of 172962.
2, 3, 3203
What are the prime factors of 2762842?
2, 1381421
What are the prime factors of 5319270?
2, 3, 5, 11, 199
List the prime factors of 1268716.
2, 317179
What are the prime factors of 1900036?
2, 59, 83, 97
What are the prime factors of 2295166?
2, 1147583
List the prime factors of 2817925.
5, 11, 10247
What are the prime factors of 720188?
2, 7, 17, 89
What are the prime factors of 871727?
871727
List the prime factors of 538397.
538397
List the prime factors of 50485.
5, 23, 439
What are the prime factors of 274331?
41, 6691
List the prime factors of 17285406.
2, 3, 2880901
What are the prime factors of 1724207?
907, 1901
List the prime factors of 676420.
2, 5, 31, 1091
What are the prime factors of 2745913?
2745913
List the prime factors of 23979518.
2, 3217, 3727
List the prime factors of 758323.
758323
List the prime factors of 11592993.
3, 3864331
List the prime factors of 236447.
41, 73, 79
List the prime factors of 26386219.
43, 613633
What are the prime factors of 199700?
2, 5, 1997
List the prime factors of 5256611.
331, 15881
List the prime factors of 34841678.
2, 709, 24571
List the prime factors of 265015.
5, 53003
What are the prime factors of 3592034?
2, 37, 48541
What are the prime factors of 839629?
7, 19, 59, 107
List the prime factors of 16078674.
2, 3, 19, 141041
What are the prime factors of 22977320?
2, 5, 574433
What are the prime factors of 248569?
248569
What are the prime factors of 3018345?
3, 5, 11, 1663
What are the prime factors of 36522?
2, 3, 2029
What are the prime factors of 15072471?
3, 157, 10667
List the prime factors of 2917443.
3, 972481
What are the prime factors of 335750?
2, 5, 17, 79
What are the prime factors of 57483?
3, 2129
List the prime factors of 4367530.
2, 5, 19, 127, 181
List the prime factors of 341828.
2, 97, 881
List the prime factors of 530493.
3, 97, 1823
List the prime factors of 239493.
3, 97, 823
List the prime factors of 15747283.
1609, 9787
List the prime factors of 21706569.
3, 17, 19, 131
List the prime factors of 10566850.
2, 5, 7, 19, 227
What are the prime factors of 304026?
2, 3, 50671
List the prime factors of 536251.
59, 61, 149
List the prime factors of 1432491.
3, 477497
What are the prime factors of 4389551?
19, 103, 2243
What are the prime factors of 1061378?
2, 17, 19, 31, 53
List the prime factors of 1056354.
2, 3, 13, 29, 467
List the prime factors of 185083.
59, 3137
What are the prime factors of 627906?
2, 3, 104651
List the prime factors of 389800.
2, 5, 1949
List the prime factors of 161801.
37, 4373
List the prime factors of 258711.
3, 83, 1039
What are the prime factors of 2361770?
2, 5, 59, 4003
List the prime factors of 241664.
2, 59
List the prime factors of 2010082.
2, 1005041
What are the prime factors of 10604307?
3, 7, 504967
List the prime factors of 932194.
2, 167, 2791
List the prime factors of 138677.
7, 11, 1801
List the prime factors of 6092576.
2, 7, 59, 461
List the prime factors of 82432.
2, 7, 23
List the prime factors of 641096.
2, 127, 631
List the prime factors of 72710.
2, 5, 11, 661
What are the prime factors of 3223977?
3, 19, 163, 347
List the prime factors of 3982745.
5, 13, 71, 863
List the prime factors of 728075.
5, 29123
What are the prime factors of 6703448?
2, 837931
List the prime factors of 301574.
2, 7, 13, 1657
What are the prime factors of 315996?
2, 3, 17, 1549
What are the prime factors of 39943?
59, 677
What are the prime factors of 1744352?
2, 19, 151
List the prime factors of 5992916.
2, 1498229
List the prime factors of 492401.
7, 13, 773
List the prime factors of 71313.
3, 11, 2161
List the prime factors of 3052796.
2, 37, 20627
What are the prime factors of 1295299?
1295299
List the prime factors of 615855.
3, 5, 41057
List the prime factors of 267191.
23, 11617
What are the prime factors of 4970242?
2, 2485121
What are the prime factors of 25125664?
2, 37, 21221
List the prime factors of 189596.
2, 11, 31, 139
List the prime factors of 76224.
2, 3, 397
List the prime factors of 13988180.
2, 5, 19, 131, 281
List the prime factors of 1335058.
2, 23, 29023
What are the prime factors of 2012423?
7, 19, 15131
What are the prime factors of 17077390?
2, 5, 11, 19, 8171
What are the prime factors of 6073610?
2, 5, 23, 26407
List the prime factors of 2086119.
3, 7, 33113
What are the prime factors of 844221?
3, 7, 5743
What are the prime factors of 22358691?
3, 23, 108013
What are the prime factors of 176896?
2, 691
What are the prime factors of 17292534?
2, 3, 7, 411727
List the prime factors of 632526.
2, 3, 47, 2243
List the prime factors of 3493466.
2, 17, 37, 2777
List the prime factors of 18172951.
1601, 11351
What are the prime factors of 462684?
2, 3, 38557
What are the prime factors of 3310523?
103, 32141
List the prime factors of 2116973.
2116973
List the prime factors of 109122.
2, 3, 13, 1399
List the prime factors of 56414.
2, 67, 421
List the prime factors of 6185296.
2, 13, 131, 227
Wh